 + -795?
-795
In base 9, what is -101 + 3?
-87
In base 5, what is 2 + 100?
102
In base 7, what is 13626 - -2?
13631
In base 11, what is -8 + 8?
0
In base 3, what is 10 + -22212?
-22202
In base 15, what is 392 + 3?
395
In base 5, what is -214131 + -4?
-214140
In base 11, what is 2497 - -2?
2499
In base 4, what is 2003 - -10?
2013
In base 8, what is -4 + 524?
520
In base 3, what is -211 + 111?
-100
In base 6, what is 114 - -3?
121
In base 2, what is 1100011111100 - 100?
1100011111000
In base 7, what is 101 - 6?
62
In base 8, what is -13402 - -3?
-13377
In base 9, what is -14 - 2?
-16
In base 5, what is -4 - 10442?
-11001
In base 4, what is 12 - -2223?
2301
In base 4, what is 3222 + -33?
3123
In base 16, what is 3c4d + -4?
3c49
In base 10, what is 0 + 67?
67
In base 3, what is -22 - 201202?
-202001
In base 15, what is -9 - -1?
-8
In base 4, what is 1323 - 11?
1312
In base 10, what is -26 + -5?
-31
In base 14, what is 2 + 1728?
172a
In base 7, what is -5 + -1144?
-1152
In base 2, what is 1 + 10011001?
10011010
In base 8, what is 6 + 15?
23
In base 11, what is 8 + 44a?
457
In base 10, what is -22 + 26?
4
In base 12, what is 2 - -60?
62
In base 5, what is 1 + 100?
101
In base 2, what is 101 + -1101101?
-1101000
In base 4, what is -130321 + 2?
-130313
In base 5, what is -1 + 30?
24
In base 7, what is -4 + 220?
213
In base 4, what is 0 - -2322?
2322
In base 14, what is -d - 99?
-a8
In base 6, what is -1 + -25?
-30
In base 5, what is -4 + 214034?
214030
In base 4, what is 122 - -22?
210
In base 8, what is 4 + -376?
-372
In base 6, what is -1 + 1131?
1130
In base 7, what is -544 - -3?
-541
In base 9, what is 1887 - -3?
2001
In base 5, what is 21210 - -1?
21211
In base 11, what is -4 - 45?
-49
In base 13, what is 0 + 1a1?
1a1
In base 3, what is -20110 + 1?
-20102
In base 5, what is -1 + 10111?
10110
In base 8, what is 126 - 1?
125
In base 14, what is -4 + b3?
ad
In base 15, what is 138 + -6?
132
In base 6, what is -511 - -35?
-432
In base 3, what is -11 - -1002?
221
In base 13, what is a + a16?
a23
In base 5, what is 131 - 40?
41
In base 5, what is 1 + 442?
443
In base 16, what is 3 - -5f?
62
In base 8, what is 14 + 37?
53
In base 14, what is 693 + -5?
68c
In base 5, what is -1033 + -3?
-1041
In base 13, what is -3b0 - -7?
-3a6
In base 14, what is d + -b?
2
In base 7, what is 5 - 3?
2
In base 12, what is -3 + 1499?
1496
In base 11, what is 137 - -aa?
236
In base 2, what is -10011 - 100?
-10111
In base 7, what is 13256 - -2?
13261
In base 3, what is -1201 + 11?
-1120
In base 14, what is 5 + -35?
-30
In base 16, what is -2973 - -3?
-2970
In base 13, what is -2c + -3?
-32
In base 5, what is 4 + 4404?
4413
In base 15, what is -5a - 7c?
-d7
In base 16, what is -5 + -2fe?
-303
In base 3, what is -1112 + 20?
-1022
In base 13, what is 365 + 0?
365
In base 5, what is -3 - 134?
-142
In base 15, what is 14b + 1?
14c
In base 5, what is 10 - -1042?
1102
In base 12, what is 12 + -2?
10
In base 10, what is 2 + -264?
-262
In base 7, what is 0 - 451?
-451
In base 7, what is 35644 + -5?
35636
In base 6, what is -20 - 45?
-105
In base 10, what is 16 - -2?
18
In base 11, what is -1 + -3251?
-3252
In base 15, what is 2d + b?
39
In base 10, what is -2 - 51?
-53
In base 5, what is 1 + 130?
131
In base 6, what is -113 + 2?
-111
In base 8, what is -650 - -3?
-645
In base 16, what is 20 + 1?
21
In base 11, what is -33 + -5?
-38
In base 3, what is 1012 - 1012?
0
In base 9, what is -16 + 4?
-12
In base 10, what is -217 + -4?
-221
In base 8, what is 73 + -14?
57
In base 10, what is 123 + -3?
120
In base 6, what is 0 - -1345?
1345
In base 11, what is -26 + -27?
-52
In base 4, what is 11 - 10302?
-10231
In base 3, what is -10 + -100021?
-100101
In base 13, what is 0 + -27b?
-27b
In base 13, what is -2 - 340?
-342
In base 4, what is -13 + 1020?
1001
In base 12, what is 3a + -7?
33
In base 10, what is 89 - 2?
87
In base 5, what is 10 - 4?
1
In base 14, what is a + b?
17
In base 7, what is 1035 - 6?
1026
In base 3, what is -121 - 111?
-1002
In base 11, what is 1 + 17a1?
17a2
In base 7, what is 21 - 656?
-635
In base 12, what is 5 + -207?
-202
In base 8, what is -1 - 3?
-4
In base 3, what is 2 + -2101211?
-2101202
In base 2, what is 1010011 + -1010?
1001001
In base 11, what is 0 + -8a?
-8a
In base 10, what is -290 - -13?
-277
In base 12, what is -55 - 54?
-a9
In base 14, what is -1219 + -2?
-121b
In base 3, what is -1200022 + 121?
-1122201
In base 6, what is -30345 + 11?
-30334
In base 13, what is 0 + 1ac?
1ac
In base 11, what is -2 + 317?
315
In base 10, what is 41 + -14?
27
In base 3, what is -1 + -12101?
-12102
In base 7, what is 5 + -1?
4
In base 6, what is 4 - 145?
-141
In base 14, what is 4 + 2b?
31
In base 5, what is 1032 + 3?
1040
In base 16, what is -79 + 12?
-67
In base 5, what is 201 - -230?
431
In base 6, what is 3020 + 3?
3023
In base 6, what is -304 - -5?
-255
In base 3, what is -101201 + 0?
-101201
In base 11, what is 11 + 113?
124
In base 4, what is -30 - -333?
303
In base 5, what is 3123 - -10?
3133
In base 8, what is 16746 + -3?
16743
In base 4, what is -321101 + -2?
-321103
In base 3, what is 10 - 112010?
-112000
In base 14, what is 18 - 10?
8
In base 12, what is 4 + a16?
a1a
In base 14, what is -43b - -5?
-436
In base 5, what is 1140 + -1?
1134
In base 2, what is -10001 - 1010?
-11011
In base 6, what is 5 - -14205?
14214
In base 3, what is -2 - 111?
-120
In base 11, what is -3 + 29?
26
In base 7, what is -1 + -404?
-405
In base 2, what is 101 + 111101?
1000010
In base 5, what is 11 - 103?
-42
In base 5, what is -211301 - 1?
-211302
In base 3, what is 2021 + 11120?
20211
In base 9, what is -186 - 0?
-186
In base 15, what is 7 - 11?
-9
In base 2, what is 11 + -110100?
-110001
In base 16, what is 437 + -5?
432
In base 8, what is 32 - 51?
-17
In base 8, what is -316 - 5?
-323
In base 2, what is 10011011001 - -1010?
10011100011
In base 14, what is 3 - 1a?
-17
In base 16, what is a0 - 3?
9d
In base 8, what is -42444 + -2?
-42446
In base 13, what is -1a - -2?
-18
In base 5, what is -1203 + 10?
-1143
In base 5, what is -204202 + -2?
-204204
In base 16, what is -ed + 2?
-eb
In base 7, what is 551 - 124?
424
In base 15, what is -1 - -7d0?
7ce
In base 14, what is 4 - 143?
-13d
In base 16, what is -6e - 5?
-73
In base 16, what is 33 - -5?
38
In base 9, what is 7 - 43?
-35
In base 4, what is -1 + -3213?
-3220
In base 8, what is 42 + 7?
51
In base 4, what is 12131 + 3?
12200
In base 8, what is 16676 - -5?
16703
In base 10, what is -6 + 16?
10
In base 4, what is -32 + -20?
-112
In base 16, what is d6 + 0?
d6
In base 9, what is -1 - 274?
-275
In base 15, what is -1 + 9e?
9d
In base 11, what is 476 - 1?
475
In base 6, what is 12123 - -3?
12130
In base 12, what is 39a - 1?
399
In base 8, what is -122 + 10?
-112
In base 15, what is 89 - 7?
82
In base 10, what is -3 + 141?
138
In base 6, what is -42 - -24?
-14
In base 13, what is -86 - -1?
-85
In base 3, what is 11 + -1000?
-212
In base 9, what is 2 + -4142?
-4140
In base 11, what is -48 + 113?
76
In base 11, what is -1 + 1267?
1266
In base 12, what is -11 + -747?
-758
In base 15, what is 4d - -13?
61
In base 7, what is 5 + -1013?
-1005
In base 14, what is 325 + -1?
324
In base 12, what is 9 + -b1?
-a4
In base 14, what is -4 - -3?
-1
In base 14, what is 51 + 3?
54
In base 9, what is -21 + 287?
266
In base 5, what is 141 - 13?
123
In base 3, what is 21122220 - 11?
21122202
In base 12, what is 61 - -21?
82
In base 15, what is 2 + 78?
7a
In base 9, what is 22 + -2?
20
In base 8, what is 2 - 547?
-545
In base 14, what is b1 + -6?
a9
In base 8, what is 2 + -122?
-120
In base 6, what is -5 - -5401?
5352
In base 11, what is 2a1 + -3?
299
In base 15, what is -10 - -27b?
26b
In base 11, what is -29 + -19a?
-218
In base 8, what is 406 + 5?
413
In base 14, what is -16 - -107?
d1
In base 8, what is 4 + -122?
-116
In base 7, what is 6 - -223?
232
In base 5, what is 1 + 2020?
2021
In base 13, what is 3 + 164?
167
In base 5, what is 1044 + 124?
1223
In base 7, what is 2014 + 0?
2014
In base 9, what is -1 + 163?
162
In base 8, what is 2 - -301?
303
In base 12, what is 32 - -8?
3a
In base 11, what is a - -4?
13
In base 13, what is bc + -3?
b9
In base 9, what is -26 + 1?
-25
In base 7, what is -14062 - -5?
-14054
In base 3, what is 101 + 10002?
10110
